{"id":21,"date":"2024-02-16T09:56:01","date_gmt":"2024-02-16T09:56:01","guid":{"rendered":"https:\/\/penty.ovh\/ELG\/?page_id=21"},"modified":"2026-02-03T15:13:05","modified_gmt":"2026-02-03T14:13:05","slug":"galerie","status":"publish","type":"page","link":"https:\/\/semi-rigide.services\/index.php\/galerie\/","title":{"rendered":"GALERIE"},"content":{"rendered":"\n<div class=\"wp-block-group alignfull has-global-padding is-layout-constrained wp-container-core-group-is-layout-2b810489 wp-block-group-is-layout-constrained\" style=\"padding-top:3rem\">\n<div class=\"wp-block-group has-global-padding is-layout-constrained wp-container-core-group-is-layout-d51288b8 wp-block-group-is-layout-constrained\">\n<h3 class=\"wp-block-heading has-text-align-center has-text-color\" style=\"color:#1320a8;margin-bottom:0rem;font-size:clamp(2.375rem, 2.375rem + ((1vw - 0.2rem) * 3.682), 4.4rem);font-style:normal;font-weight:600;line-height:1.2\">NOS REALISATIONS<\/h3>\n<\/div>\n<\/div>\n\n\n\n<section class=\"wp-block-group alignfull has-text-color has-global-padding is-layout-constrained wp-container-core-group-is-layout-1898be1b wp-block-group-is-layout-constrained\" style=\"border-style:none;border-width:0px;color:#3e3e3e;margin-top:0px;padding-top:4rem;padding-right:1rem;padding-bottom:4rem;padding-left:1rem;font-size:clamp(0.875rem, 0.875rem + ((1vw - 0.2rem) * 0.464), 1.13rem);font-style:normal;font-weight:400;line-height:1.4\">\n<div class=\"wp-block-columns is-layout-flex wp-container-core-columns-is-layout-d1fa6184 wp-block-columns-is-layout-flex\" style=\"padding-top:2rem;padding-right:0px;padding-bottom:0;padding-left:0px\">\n<div class=\"wp-block-column is-layout-flow wp-block-column-is-layout-flow\" style=\"padding-top:1rem;padding-bottom:1rem\">\n<div class=\"wp-block-group has-global-padding is-layout-constrained wp-container-core-group-is-layout-287b5a18 wp-block-group-is-layout-constrained\">\n<figure class=\"wp-block-image aligncenter size-large\"><img loading=\"lazy\" decoding=\"async\" width=\"576\" height=\"1024\" src=\"https:\/\/semi-rigide.services\/wp-content\/uploads\/2026\/01\/20250415_201419-COLLAGE-1-576x1024.jpg\" alt=\"\" class=\"wp-image-450\" style=\"aspect-ratio:3\/4;object-fit:cover\" srcset=\"https:\/\/semi-rigide.services\/wp-content\/uploads\/2026\/01\/20250415_201419-COLLAGE-1-576x1024.jpg 576w, https:\/\/semi-rigide.services\/wp-content\/uploads\/2026\/01\/20250415_201419-COLLAGE-1-169x300.jpg 169w, https:\/\/semi-rigide.services\/wp-content\/uploads\/2026\/01\/20250415_201419-COLLAGE-1-768x1365.jpg 768w, https:\/\/semi-rigide.services\/wp-content\/uploads\/2026\/01\/20250415_201419-COLLAGE-1-864x1536.jpg 864w, https:\/\/semi-rigide.services\/wp-content\/uploads\/2026\/01\/20250415_201419-COLLAGE-1-1152x2048.jpg 1152w, https:\/\/semi-rigide.services\/wp-content\/uploads\/2026\/01\/20250415_201419-COLLAGE-1-scaled.jpg 1440w\" sizes=\"auto, (max-width: 576px) 100vw, 576px\" \/><\/figure>\n\n\n\n<h4 class=\"wp-block-heading has-text-align-center has-text-color has-link-color wp-elements-806a2b07aea3f5ef6e863dcd5b74ef22\" style=\"color:#3e3e3e;font-size:clamp(0.984rem, 0.984rem + ((1vw - 0.2rem) * 0.938), 1.5rem);font-style:normal;font-weight:400;text-decoration:none;text-transform:uppercase\">SUrpression<\/h4>\n<\/div>\n<\/div>\n\n\n\n<div class=\"wp-block-column is-layout-flow wp-block-column-is-layout-flow\" style=\"padding-top:1rem;padding-bottom:1rem\">\n<div class=\"wp-block-group has-global-padding is-layout-constrained wp-container-core-group-is-layout-287b5a18 wp-block-group-is-layout-constrained\">\n<figure class=\"wp-block-image aligncenter size-full\"><img loading=\"lazy\" decoding=\"async\" width=\"1080\" height=\"1920\" src=\"https:\/\/semi-rigide.services\/wp-content\/uploads\/2026\/01\/IMG-20250425-WA0020.jpg\" alt=\"\" class=\"wp-image-452\" style=\"aspect-ratio:3\/4;object-fit:cover\" srcset=\"https:\/\/semi-rigide.services\/wp-content\/uploads\/2026\/01\/IMG-20250425-WA0020.jpg 1080w, https:\/\/semi-rigide.services\/wp-content\/uploads\/2026\/01\/IMG-20250425-WA0020-169x300.jpg 169w, https:\/\/semi-rigide.services\/wp-content\/uploads\/2026\/01\/IMG-20250425-WA0020-576x1024.jpg 576w, https:\/\/semi-rigide.services\/wp-content\/uploads\/2026\/01\/IMG-20250425-WA0020-768x1365.jpg 768w, https:\/\/semi-rigide.services\/wp-content\/uploads\/2026\/01\/IMG-20250425-WA0020-864x1536.jpg 864w\" sizes=\"auto, (max-width: 1080px) 100vw, 1080px\" \/><\/figure>\n\n\n\n<h4 class=\"wp-block-heading has-text-align-center has-text-color has-link-color wp-elements-971a0651b23c729d3690503343bb661c\" style=\"color:#3e3e3e;font-size:clamp(0.984rem, 0.984rem + ((1vw - 0.2rem) * 0.938), 1.5rem);font-style:normal;font-weight:400;text-decoration:none;text-transform:uppercase\">RECOLLAGE COMPLET<\/h4>\n<\/div>\n<\/div>\n\n\n\n<div class=\"wp-block-column is-layout-flow wp-block-column-is-layout-flow\" style=\"padding-top:1rem;padding-bottom:1rem\">\n<div class=\"wp-block-group has-global-padding is-layout-constrained wp-container-core-group-is-layout-287b5a18 wp-block-group-is-layout-constrained\">\n<figure class=\"wp-block-image aligncenter size-full\"><img loading=\"lazy\" decoding=\"async\" width=\"1920\" height=\"2560\" src=\"https:\/\/semi-rigide.services\/wp-content\/uploads\/2026\/01\/PXL_20250327_142051110-1-scaled.jpg\" alt=\"\" class=\"wp-image-453\" srcset=\"https:\/\/semi-rigide.services\/wp-content\/uploads\/2026\/01\/PXL_20250327_142051110-1-scaled.jpg 1920w, https:\/\/semi-rigide.services\/wp-content\/uploads\/2026\/01\/PXL_20250327_142051110-1-225x300.jpg 225w, https:\/\/semi-rigide.services\/wp-content\/uploads\/2026\/01\/PXL_20250327_142051110-1-768x1024.jpg 768w, https:\/\/semi-rigide.services\/wp-content\/uploads\/2026\/01\/PXL_20250327_142051110-1-1152x1536.jpg 1152w, https:\/\/semi-rigide.services\/wp-content\/uploads\/2026\/01\/PXL_20250327_142051110-1-1536x2048.jpg 1536w\" sizes=\"auto, (max-width: 1920px) 100vw, 1920px\" \/><\/figure>\n\n\n\n<h4 class=\"wp-block-heading has-text-align-center has-text-color has-link-color wp-elements-e94e9cee0a99d12c769e4a6f01d9c774\" style=\"color:#3e3e3e;font-size:clamp(0.984rem, 0.984rem + ((1vw - 0.2rem) * 0.938), 1.5rem);font-style:normal;font-weight:400;text-decoration:none;text-transform:uppercase\">Recollage\/Renfort poign\u00e9e avant<\/h4>\n<\/div>\n<\/div>\n<\/div>\n\n\n\n<div class=\"wp-block-columns is-layout-flex wp-container-core-columns-is-layout-d1fa6184 wp-block-columns-is-layout-flex\" style=\"padding-top:2rem;padding-right:0px;padding-bottom:0;padding-left:0px\">\n<div class=\"wp-block-column is-layout-flow wp-container-core-column-is-layout-30b502cb wp-block-column-is-layout-flow\" style=\"padding-top:1rem;padding-bottom:1rem\">\n<div class=\"wp-block-group has-global-padding is-layout-constrained wp-container-core-group-is-layout-287b5a18 wp-block-group-is-layout-constrained\">\n<figure class=\"wp-block-image aligncenter size-full\"><img loading=\"lazy\" decoding=\"async\" width=\"1920\" height=\"2560\" src=\"https:\/\/semi-rigide.services\/wp-content\/uploads\/2026\/01\/PXL_20250818_095415654-2-scaled.jpg\" alt=\"\" class=\"wp-image-454\" srcset=\"https:\/\/semi-rigide.services\/wp-content\/uploads\/2026\/01\/PXL_20250818_095415654-2-scaled.jpg 1920w, https:\/\/semi-rigide.services\/wp-content\/uploads\/2026\/01\/PXL_20250818_095415654-2-225x300.jpg 225w, https:\/\/semi-rigide.services\/wp-content\/uploads\/2026\/01\/PXL_20250818_095415654-2-768x1024.jpg 768w, https:\/\/semi-rigide.services\/wp-content\/uploads\/2026\/01\/PXL_20250818_095415654-2-1152x1536.jpg 1152w, https:\/\/semi-rigide.services\/wp-content\/uploads\/2026\/01\/PXL_20250818_095415654-2-1536x2048.jpg 1536w\" sizes=\"auto, (max-width: 1920px) 100vw, 1920px\" \/><\/figure>\n\n\n\n<h4 class=\"wp-block-heading has-text-align-center has-text-color has-link-color wp-elements-aa4e5b9946c4c0cd9395018138eb1a7b\" style=\"color:#3e3e3e;font-size:clamp(0.984rem, 0.984rem + ((1vw - 0.2rem) * 0.938), 1.5rem);font-style:normal;font-weight:400;text-decoration:none;text-transform:uppercase\">RECOLLAGE RALLINGUES<\/h4>\n<\/div>\n<\/div>\n\n\n\n<div class=\"wp-block-column is-layout-flow wp-block-column-is-layout-flow\" style=\"padding-top:1rem;padding-bottom:1rem\">\n<div class=\"wp-block-group has-global-padding is-layout-constrained wp-container-core-group-is-layout-287b5a18 wp-block-group-is-layout-constrained\">\n<figure class=\"wp-block-image aligncenter size-full\"><img loading=\"lazy\" decoding=\"async\" width=\"1920\" height=\"2560\" src=\"https:\/\/semi-rigide.services\/wp-content\/uploads\/2026\/01\/PXL_20251127_101342004-scaled.jpg\" alt=\"\" class=\"wp-image-455\" srcset=\"https:\/\/semi-rigide.services\/wp-content\/uploads\/2026\/01\/PXL_20251127_101342004-scaled.jpg 1920w, https:\/\/semi-rigide.services\/wp-content\/uploads\/2026\/01\/PXL_20251127_101342004-225x300.jpg 225w, https:\/\/semi-rigide.services\/wp-content\/uploads\/2026\/01\/PXL_20251127_101342004-768x1024.jpg 768w, https:\/\/semi-rigide.services\/wp-content\/uploads\/2026\/01\/PXL_20251127_101342004-1152x1536.jpg 1152w, https:\/\/semi-rigide.services\/wp-content\/uploads\/2026\/01\/PXL_20251127_101342004-1536x2048.jpg 1536w\" sizes=\"auto, (max-width: 1920px) 100vw, 1920px\" \/><\/figure>\n\n\n\n<h4 class=\"wp-block-heading has-text-align-center has-text-color has-link-color wp-elements-d40a57710e283a1578c6d341428f2916\" style=\"color:#3e3e3e;font-size:clamp(0.984rem, 0.984rem + ((1vw - 0.2rem) * 0.938), 1.5rem);font-style:normal;font-weight:400;text-decoration:none;text-transform:uppercase\">RECOLLAGE PARES EAU<\/h4>\n<\/div>\n<\/div>\n\n\n\n<div class=\"wp-block-column is-layout-flow wp-block-column-is-layout-flow\" style=\"padding-top:1rem;padding-bottom:1rem\">\n<div class=\"wp-block-group has-global-padding is-layout-constrained wp-container-core-group-is-layout-287b5a18 wp-block-group-is-layout-constrained\">\n<figure class=\"wp-block-image aligncenter size-full\"><img loading=\"lazy\" decoding=\"async\" width=\"1920\" height=\"2560\" src=\"https:\/\/semi-rigide.services\/wp-content\/uploads\/2026\/01\/PXL_20251216_102837765-scaled.jpg\" alt=\"\" class=\"wp-image-456\" srcset=\"https:\/\/semi-rigide.services\/wp-content\/uploads\/2026\/01\/PXL_20251216_102837765-scaled.jpg 1920w, https:\/\/semi-rigide.services\/wp-content\/uploads\/2026\/01\/PXL_20251216_102837765-225x300.jpg 225w, https:\/\/semi-rigide.services\/wp-content\/uploads\/2026\/01\/PXL_20251216_102837765-768x1024.jpg 768w, https:\/\/semi-rigide.services\/wp-content\/uploads\/2026\/01\/PXL_20251216_102837765-1152x1536.jpg 1152w, https:\/\/semi-rigide.services\/wp-content\/uploads\/2026\/01\/PXL_20251216_102837765-1536x2048.jpg 1536w\" sizes=\"auto, (max-width: 1920px) 100vw, 1920px\" \/><\/figure>\n\n\n\n<h4 class=\"wp-block-heading has-text-align-center has-text-color has-link-color wp-elements-65eb2af762718474b28b18a0f5852651\" style=\"color:#3e3e3e;font-size:clamp(0.984rem, 0.984rem + ((1vw - 0.2rem) * 0.938), 1.5rem);font-style:normal;font-weight:400;text-decoration:none;text-transform:uppercase\">INSTALLATION PUIS DE CHA\u00ceNE<\/h4>\n<\/div>\n<\/div>\n<\/div>\n\n\n\n<div class=\"wp-block-columns is-layout-flex wp-container-core-columns-is-layout-d1fa6184 wp-block-columns-is-layout-flex\" style=\"padding-top:2rem;padding-right:0px;padding-bottom:0;padding-left:0px\">\n<div class=\"wp-block-column is-layout-flow wp-container-core-column-is-layout-23ee927a wp-block-column-is-layout-flow\" style=\"padding-top:1rem;padding-bottom:1rem\">\n<div class=\"wp-block-group has-global-padding is-layout-constrained wp-container-core-group-is-layout-d1da16b7 wp-block-group-is-layout-constrained\" style=\"margin-top:0;margin-bottom:0\">\n<figure class=\"wp-block-image aligncenter size-full\"><img loading=\"lazy\" decoding=\"async\" width=\"2560\" height=\"1923\" src=\"https:\/\/semi-rigide.services\/wp-content\/uploads\/2026\/01\/20250813_182853-COLLAGE-1-scaled.jpg\" alt=\"\" class=\"wp-image-459\" srcset=\"https:\/\/semi-rigide.services\/wp-content\/uploads\/2026\/01\/20250813_182853-COLLAGE-1-scaled.jpg 2560w, https:\/\/semi-rigide.services\/wp-content\/uploads\/2026\/01\/20250813_182853-COLLAGE-1-300x225.jpg 300w, https:\/\/semi-rigide.services\/wp-content\/uploads\/2026\/01\/20250813_182853-COLLAGE-1-1024x769.jpg 1024w, https:\/\/semi-rigide.services\/wp-content\/uploads\/2026\/01\/20250813_182853-COLLAGE-1-768x577.jpg 768w, https:\/\/semi-rigide.services\/wp-content\/uploads\/2026\/01\/20250813_182853-COLLAGE-1-1536x1154.jpg 1536w, https:\/\/semi-rigide.services\/wp-content\/uploads\/2026\/01\/20250813_182853-COLLAGE-1-2048x1538.jpg 2048w\" sizes=\"auto, (max-width: 2560px) 100vw, 2560px\" \/><\/figure>\n\n\n\n<h4 class=\"wp-block-heading has-text-align-center has-text-color has-link-color wp-elements-802b5d3eb3d3c75fa9074382a3012ef6\" style=\"color:#3e3e3e;font-size:clamp(0.984rem, 0.984rem + ((1vw - 0.2rem) * 0.938), 1.5rem);font-style:normal;font-weight:400;text-decoration:none;text-transform:uppercase\">Block aileron sur Paddle<\/h4>\n<\/div>\n<\/div>\n\n\n\n<div class=\"wp-block-column is-layout-flow wp-block-column-is-layout-flow\" style=\"padding-top:1rem;padding-bottom:1rem\">\n<div class=\"wp-block-group has-global-padding is-layout-constrained wp-container-core-group-is-layout-287b5a18 wp-block-group-is-layout-constrained\">\n<figure class=\"wp-block-image aligncenter size-full\"><img loading=\"lazy\" decoding=\"async\" width=\"1920\" height=\"2560\" src=\"https:\/\/semi-rigide.services\/wp-content\/uploads\/2026\/01\/PXL_20250804_131817420-1-scaled.jpg\" alt=\"\" class=\"wp-image-458\" srcset=\"https:\/\/semi-rigide.services\/wp-content\/uploads\/2026\/01\/PXL_20250804_131817420-1-scaled.jpg 1920w, https:\/\/semi-rigide.services\/wp-content\/uploads\/2026\/01\/PXL_20250804_131817420-1-225x300.jpg 225w, https:\/\/semi-rigide.services\/wp-content\/uploads\/2026\/01\/PXL_20250804_131817420-1-768x1024.jpg 768w, https:\/\/semi-rigide.services\/wp-content\/uploads\/2026\/01\/PXL_20250804_131817420-1-1152x1536.jpg 1152w, https:\/\/semi-rigide.services\/wp-content\/uploads\/2026\/01\/PXL_20250804_131817420-1-1536x2048.jpg 1536w\" sizes=\"auto, (max-width: 1920px) 100vw, 1920px\" \/><\/figure>\n\n\n\n<h4 class=\"wp-block-heading has-text-align-center has-text-color has-link-color wp-elements-8b1bf2f80b83a545efd482bf1566057f\" style=\"color:#3e3e3e;font-size:clamp(0.984rem, 0.984rem + ((1vw - 0.2rem) * 0.938), 1.5rem);font-style:normal;font-weight:400;text-decoration:none;text-transform:uppercase\">changement flotteur neuf<\/h4>\n<\/div>\n<\/div>\n\n\n\n<div class=\"wp-block-column is-layout-flow wp-block-column-is-layout-flow\" style=\"padding-top:1rem;padding-bottom:1rem\">\n<div class=\"wp-block-group has-global-padding is-layout-constrained wp-container-core-group-is-layout-287b5a18 wp-block-group-is-layout-constrained\">\n<figure class=\"wp-block-image aligncenter size-full\"><img loading=\"lazy\" decoding=\"async\" width=\"2560\" height=\"1408\" src=\"http:\/\/semi-rigide.services\/wp-content\/uploads\/2026\/01\/avantapres1-scaled.jpg\" alt=\"\" class=\"wp-image-460\" srcset=\"https:\/\/semi-rigide.services\/wp-content\/uploads\/2026\/01\/avantapres1-scaled.jpg 2560w, https:\/\/semi-rigide.services\/wp-content\/uploads\/2026\/01\/avantapres1-300x165.jpg 300w, https:\/\/semi-rigide.services\/wp-content\/uploads\/2026\/01\/avantapres1-1024x563.jpg 1024w, https:\/\/semi-rigide.services\/wp-content\/uploads\/2026\/01\/avantapres1-768x422.jpg 768w\" sizes=\"auto, (max-width: 2560px) 100vw, 2560px\" \/><\/figure>\n\n\n\n<h4 class=\"wp-block-heading has-text-align-center has-text-color has-link-color wp-elements-772f61baf91ce587960563865483589e\" style=\"color:#3e3e3e;font-size:clamp(0.984rem, 0.984rem + ((1vw - 0.2rem) * 0.938), 1.5rem);font-style:normal;font-weight:400;text-decoration:none;text-transform:uppercase\">R\u00e9paration fuite<\/h4>\n<\/div>\n<\/div>\n<\/div>\n<\/section>\n\n\n\n<div class=\"wp-block-cover alignfull\" style=\"min-height:440px;aspect-ratio:unset;\"><img loading=\"lazy\" decoding=\"async\" width=\"1024\" height=\"683\" class=\"wp-block-cover__image-background wp-image-384 size-large\" alt=\"\" src=\"http:\/\/semi-rigide.services\/wp-content\/uploads\/2026\/01\/pexels-rsapmech-13874004-2-1024x683.jpg\" style=\"object-position:55% 100%\" data-object-fit=\"cover\" data-object-position=\"55% 100%\" srcset=\"https:\/\/semi-rigide.services\/wp-content\/uploads\/2026\/01\/pexels-rsapmech-13874004-2-1024x683.jpg 1024w, https:\/\/semi-rigide.services\/wp-content\/uploads\/2026\/01\/pexels-rsapmech-13874004-2-300x200.jpg 300w, https:\/\/semi-rigide.services\/wp-content\/uploads\/2026\/01\/pexels-rsapmech-13874004-2-768x512.jpg 768w, https:\/\/semi-rigide.services\/wp-content\/uploads\/2026\/01\/pexels-rsapmech-13874004-2-1536x1024.jpg 1536w, https:\/\/semi-rigide.services\/wp-content\/uploads\/2026\/01\/pexels-rsapmech-13874004-2-2048x1365.jpg 2048w\" sizes=\"auto, (max-width: 1024px) 100vw, 1024px\" \/><span aria-hidden=\"true\" class=\"wp-block-cover__background has-contrast-background-color has-background-dim\"><\/span><div class=\"wp-block-cover__inner-container has-global-padding is-layout-constrained wp-block-cover-is-layout-constrained\">\n<div class=\"wp-block-buttons is-content-justification-center is-layout-flex wp-container-core-buttons-is-layout-99800914 wp-block-buttons-is-layout-flex\" style=\"margin-top:0rem;margin-bottom:0\">\n<div class=\"wp-block-button is-style-outline is-style-outline--1\"><a class=\"wp-block-button__link has-text-color has-background has-border-color has-custom-font-size wp-element-button\" href=\"https:\/\/semi-rigide.services\/index.php\/contact\/\" style=\"border-color:#0e0e0e;border-width:1px;border-radius:30px;color:#1320a8;background-color:#ffffff;padding-top:0.8em;padding-right:3.2rem;padding-bottom:0.8em;padding-left:3.2rem;font-size:clamp(0.875em, 0.875rem + ((1vw - 0.2em) * 0.245), 1.01em);text-transform:capitalize\">CONTACTEZ NOUS<\/a><\/div>\n<\/div>\n<\/div><\/div>\n\n\n\n<ul class=\"wp-block-social-links aligncenter is-layout-flex wp-block-social-links-is-layout-flex\"><li class=\"wp-social-link wp-social-link-facebook  wp-block-social-link\"><a href=\"https:\/\/www.facebook.com\/semi.rigide.services\" class=\"wp-block-social-link-anchor\"><svg width=\"24\" height=\"24\" viewBox=\"0 0 24 24\" version=\"1.1\" xmlns=\"http:\/\/www.w3.org\/2000\/svg\" aria-hidden=\"true\" focusable=\"false\"><path d=\"M12 2C6.5 2 2 6.5 2 12c0 5 3.7 9.1 8.4 9.9v-7H7.9V12h2.5V9.8c0-2.5 1.5-3.9 3.8-3.9 1.1 0 2.2.2 2.2.2v2.5h-1.3c-1.2 0-1.6.8-1.6 1.6V12h2.8l-.4 2.9h-2.3v7C18.3 21.1 22 17 22 12c0-5.5-4.5-10-10-10z\"><\/path><\/svg><span class=\"wp-block-social-link-label screen-reader-text\">Facebook<\/span><\/a><\/li>\n\n<li class=\"wp-social-link wp-social-link-instagram  wp-block-social-link\"><a href=\"https:\/\/www.instagram.com\/semi_rigide.services\/\" class=\"wp-block-social-link-anchor\"><svg width=\"24\" height=\"24\" viewBox=\"0 0 24 24\" version=\"1.1\" xmlns=\"http:\/\/www.w3.org\/2000\/svg\" aria-hidden=\"true\" focusable=\"false\"><path d=\"M12,4.622c2.403,0,2.688,0.009,3.637,0.052c0.877,0.04,1.354,0.187,1.671,0.31c0.42,0.163,0.72,0.358,1.035,0.673 c0.315,0.315,0.51,0.615,0.673,1.035c0.123,0.317,0.27,0.794,0.31,1.671c0.043,0.949,0.052,1.234,0.052,3.637 s-0.009,2.688-0.052,3.637c-0.04,0.877-0.187,1.354-0.31,1.671c-0.163,0.42-0.358,0.72-0.673,1.035 c-0.315,0.315-0.615,0.51-1.035,0.673c-0.317,0.123-0.794,0.27-1.671,0.31c-0.949,0.043-1.233,0.052-3.637,0.052 s-2.688-0.009-3.637-0.052c-0.877-0.04-1.354-0.187-1.671-0.31c-0.42-0.163-0.72-0.358-1.035-0.673 c-0.315-0.315-0.51-0.615-0.673-1.035c-0.123-0.317-0.27-0.794-0.31-1.671C4.631,14.688,4.622,14.403,4.622,12 s0.009-2.688,0.052-3.637c0.04-0.877,0.187-1.354,0.31-1.671c0.163-0.42,0.358-0.72,0.673-1.035 c0.315-0.315,0.615-0.51,1.035-0.673c0.317-0.123,0.794-0.27,1.671-0.31C9.312,4.631,9.597,4.622,12,4.622 M12,3 C9.556,3,9.249,3.01,8.289,3.054C7.331,3.098,6.677,3.25,6.105,3.472C5.513,3.702,5.011,4.01,4.511,4.511 c-0.5,0.5-0.808,1.002-1.038,1.594C3.25,6.677,3.098,7.331,3.054,8.289C3.01,9.249,3,9.556,3,12c0,2.444,0.01,2.751,0.054,3.711 c0.044,0.958,0.196,1.612,0.418,2.185c0.23,0.592,0.538,1.094,1.038,1.594c0.5,0.5,1.002,0.808,1.594,1.038 c0.572,0.222,1.227,0.375,2.185,0.418C9.249,20.99,9.556,21,12,21s2.751-0.01,3.711-0.054c0.958-0.044,1.612-0.196,2.185-0.418 c0.592-0.23,1.094-0.538,1.594-1.038c0.5-0.5,0.808-1.002,1.038-1.594c0.222-0.572,0.375-1.227,0.418-2.185 C20.99,14.751,21,14.444,21,12s-0.01-2.751-0.054-3.711c-0.044-0.958-0.196-1.612-0.418-2.185c-0.23-0.592-0.538-1.094-1.038-1.594 c-0.5-0.5-1.002-0.808-1.594-1.038c-0.572-0.222-1.227-0.375-2.185-0.418C14.751,3.01,14.444,3,12,3L12,3z M12,7.378 c-2.552,0-4.622,2.069-4.622,4.622S9.448,16.622,12,16.622s4.622-2.069,4.622-4.622S14.552,7.378,12,7.378z M12,15 c-1.657,0-3-1.343-3-3s1.343-3,3-3s3,1.343,3,3S13.657,15,12,15z M16.804,6.116c-0.596,0-1.08,0.484-1.08,1.08 s0.484,1.08,1.08,1.08c0.596,0,1.08-0.484,1.08-1.08S17.401,6.116,16.804,6.116z\"><\/path><\/svg><span class=\"wp-block-social-link-label screen-reader-text\">Instagram<\/span><\/a><\/li>\n\n<li class=\"wp-social-link wp-social-link-linkedin  wp-block-social-link\"><a href=\"https:\/\/www.linkedin.com\/in\/edouard-le-goaster-059182248\/\" class=\"wp-block-social-link-anchor\"><svg width=\"24\" height=\"24\" viewBox=\"0 0 24 24\" version=\"1.1\" xmlns=\"http:\/\/www.w3.org\/2000\/svg\" aria-hidden=\"true\" focusable=\"false\"><path d=\"M19.7,3H4.3C3.582,3,3,3.582,3,4.3v15.4C3,20.418,3.582,21,4.3,21h15.4c0.718,0,1.3-0.582,1.3-1.3V4.3 C21,3.582,20.418,3,19.7,3z M8.339,18.338H5.667v-8.59h2.672V18.338z M7.004,8.574c-0.857,0-1.549-0.694-1.549-1.548 c0-0.855,0.691-1.548,1.549-1.548c0.854,0,1.547,0.694,1.547,1.548C8.551,7.881,7.858,8.574,7.004,8.574z M18.339,18.338h-2.669 v-4.177c0-0.996-0.017-2.278-1.387-2.278c-1.389,0-1.601,1.086-1.601,2.206v4.249h-2.667v-8.59h2.559v1.174h0.037 c0.356-0.675,1.227-1.387,2.526-1.387c2.703,0,3.203,1.779,3.203,4.092V18.338z\"><\/path><\/svg><span class=\"wp-block-social-link-label screen-reader-text\">LinkedIn<\/span><\/a><\/li><\/ul>\n","protected":false},"excerpt":{"rendered":"<p>NOS REALISATIONS SUrpression RECOLLAGE COMPLET Recollage\/Renfort poign\u00e9e avant RECOLLAGE RALLINGUES RECOLLAGE PARES EAU INSTALLATION PUIS DE CHA\u00ceNE Block aileron sur Paddle changement flotteur neuf R\u00e9paration fuite<\/p>\n","protected":false},"author":1,"featured_media":170,"parent":0,"menu_order":0,"comment_status":"closed","ping_status":"closed","template":"","meta":{"footnotes":""},"class_list":["post-21","page","type-page","status-publish","has-post-thumbnail","hentry"],"_links":{"self":[{"href":"https:\/\/semi-rigide.services\/index.php\/wp-json\/wp\/v2\/pages\/21","targetHints":{"allow":["GET"]}}],"collection":[{"href":"https:\/\/semi-rigide.services\/index.php\/wp-json\/wp\/v2\/pages"}],"about":[{"href":"https:\/\/semi-rigide.services\/index.php\/wp-json\/wp\/v2\/types\/page"}],"author":[{"embeddable":true,"href":"https:\/\/semi-rigide.services\/index.php\/wp-json\/wp\/v2\/users\/1"}],"replies":[{"embeddable":true,"href":"https:\/\/semi-rigide.services\/index.php\/wp-json\/wp\/v2\/comments?post=21"}],"version-history":[{"count":8,"href":"https:\/\/semi-rigide.services\/index.php\/wp-json\/wp\/v2\/pages\/21\/revisions"}],"predecessor-version":[{"id":519,"href":"https:\/\/semi-rigide.services\/index.php\/wp-json\/wp\/v2\/pages\/21\/revisions\/519"}],"wp:featuredmedia":[{"embeddable":true,"href":"https:\/\/semi-rigide.services\/index.php\/wp-json\/"}],"wp:attachment":[{"href":"https:\/\/semi-rigide.services\/index.php\/wp-json\/wp\/v2\/media?parent=21"}],"curies":[{"name":"wp","href":"https:\/\/api.w.org\/{rel}","templated":true}]}}