{"id":15,"date":"2024-02-16T09:53:21","date_gmt":"2024-02-16T09:53:21","guid":{"rendered":"https:\/\/penty.ovh\/ELG\/?page_id=15"},"modified":"2026-02-03T15:41:59","modified_gmt":"2026-02-03T14:41:59","slug":"a-propos","status":"publish","type":"page","link":"https:\/\/semi-rigide.services\/index.php\/a-propos\/","title":{"rendered":"A Propos"},"content":{"rendered":"\n<div class=\"wp-block-cover alignfull\" style=\"margin-top:0;margin-bottom:0;padding-top:0px;padding-bottom:80px;min-height:439px;aspect-ratio:unset;\"><img loading=\"lazy\" decoding=\"async\" width=\"768\" height=\"1024\" class=\"wp-block-cover__image-background wp-image-464 size-large\" alt=\"\" src=\"https:\/\/semi-rigide.services\/wp-content\/uploads\/2026\/01\/PXL_20250502_100858633-2-768x1024.jpg\" style=\"object-position:53% 40%\" data-object-fit=\"cover\" data-object-position=\"53% 40%\" srcset=\"https:\/\/semi-rigide.services\/wp-content\/uploads\/2026\/01\/PXL_20250502_100858633-2-768x1024.jpg 768w, https:\/\/semi-rigide.services\/wp-content\/uploads\/2026\/01\/PXL_20250502_100858633-2-225x300.jpg 225w, https:\/\/semi-rigide.services\/wp-content\/uploads\/2026\/01\/PXL_20250502_100858633-2-1152x1536.jpg 1152w, https:\/\/semi-rigide.services\/wp-content\/uploads\/2026\/01\/PXL_20250502_100858633-2-1536x2048.jpg 1536w, https:\/\/semi-rigide.services\/wp-content\/uploads\/2026\/01\/PXL_20250502_100858633-2-scaled.jpg 1920w\" sizes=\"auto, (max-width: 768px) 100vw, 768px\" \/><span aria-hidden=\"true\" class=\"wp-block-cover__background has-black-background-color has-background-dim-30 has-background-dim\"><\/span><div class=\"wp-block-cover__inner-container has-global-padding is-layout-constrained wp-container-core-cover-is-layout-d4c6b484 wp-block-cover-is-layout-constrained\">\n<div style=\"height:150px\" aria-hidden=\"true\" class=\"wp-block-spacer\"><\/div>\n\n\n\n<h1 class=\"wp-block-heading has-text-align-center has-text-color has-link-color has-suranna-font-family wp-elements-8a9f8d687f643d4997b73aaa5d3b3964\" style=\"color:#ffffff;font-size:clamp(38.682px, 2.418rem + ((1vw - 3.2px) * 3.786), 72px);font-style:normal;font-weight:500\">Semi-Rigide Services<\/h1>\n<\/div><\/div>\n\n\n\n<section class=\"wp-block-group alignfull has-global-padding is-layout-constrained wp-container-core-group-is-layout-608bbd49 wp-block-group-is-layout-constrained\" style=\"margin-top:0px;padding-top:6rem;padding-right:1rem;padding-bottom:5rem;padding-left:1rem;font-size:clamp(0.875rem, 0.875rem + ((1vw - 0.2rem) * 0.464), 1.13rem);font-style:normal;font-weight:400;line-height:1.4\">\n<div class=\"wp-block-columns is-layout-flex wp-container-core-columns-is-layout-03ad6a19 wp-block-columns-is-layout-flex\" style=\"margin-bottom:0px\">\n<div class=\"wp-block-column is-vertically-aligned-center is-layout-flow wp-block-column-is-layout-flow\" style=\"flex-basis:50%\">\n<figure class=\"wp-block-image alignleft size-full has-custom-border is-style-default\"><img loading=\"lazy\" decoding=\"async\" width=\"1920\" height=\"2560\" src=\"https:\/\/semi-rigide.services\/wp-content\/uploads\/2026\/02\/PXL_20250512_143943446-scaled.jpg\" alt=\"\" class=\"wp-image-498\" style=\"border-top-left-radius:16px;border-top-right-radius:16px;border-bottom-left-radius:16px;border-bottom-right-radius:16px;aspect-ratio:3\/4;object-fit:cover\" srcset=\"https:\/\/semi-rigide.services\/wp-content\/uploads\/2026\/02\/PXL_20250512_143943446-scaled.jpg 1920w, https:\/\/semi-rigide.services\/wp-content\/uploads\/2026\/02\/PXL_20250512_143943446-225x300.jpg 225w, https:\/\/semi-rigide.services\/wp-content\/uploads\/2026\/02\/PXL_20250512_143943446-768x1024.jpg 768w, https:\/\/semi-rigide.services\/wp-content\/uploads\/2026\/02\/PXL_20250512_143943446-1152x1536.jpg 1152w, https:\/\/semi-rigide.services\/wp-content\/uploads\/2026\/02\/PXL_20250512_143943446-1536x2048.jpg 1536w\" sizes=\"auto, (max-width: 1920px) 100vw, 1920px\" \/><\/figure>\n<\/div>\n\n\n\n<div class=\"wp-block-column is-vertically-aligned-center has-global-padding is-layout-constrained wp-container-core-column-is-layout-c4a7d96a wp-block-column-is-layout-constrained\" style=\"flex-basis:50%\">\n<h3 class=\"wp-block-heading has-text-align-left has-text-color has-suranna-font-family\" style=\"color:#000000;margin-top:0.5rem;margin-bottom:0rem;font-size:clamp(24.034px, 1.502rem + ((1vw - 3.2px) * 1.814), 40px);font-style:normal;font-weight:500;letter-spacing:0px;line-height:1.3\">Sp\u00e9cialiste de la r\u00e9paration de bateaux pneumatiques \u00e0 Douarnenez<\/h3>\n\n\n\n<p class=\"has-text-align-left has-text-color has-pontano-sans-font-family\" style=\"color:#000000;margin-top:20px;margin-bottom:20px;font-size:clamp(14px, 0.875rem + ((1vw - 3.2px) * 0.455), 18px);font-style:normal;font-weight:400;line-height:1.5\">Bas\u00e9 au Port du Rosmeur (Douarnenez), dans le sud Finist\u00e8re, <strong>Semi-Rigide Service<\/strong> est sp\u00e9cialis\u00e9 dans la r\u00e9paration, l\u2019entretien et la r\u00e9novation de bateaux semi-rigides et pneumatiques de toutes marques (type Zodiac, Bombard, Sillinger, 3D Tender, Valiant, Zepplin, Narwhal&#8230;).<\/p>\n\n\n\n<p class=\"has-text-align-left has-text-color has-pontano-sans-font-family\" style=\"color:#000000;margin-top:20px;margin-bottom:20px;font-size:clamp(14px, 0.875rem + ((1vw - 3.2px) * 0.455), 18px);font-style:normal;font-weight:400;line-height:1.5\">L\u2019objectif est simple : <strong>vous permettre de naviguer en toute s\u00e9curit\u00e9<\/strong>, avec un bateau fiable, durable et parfaitement entretenu.<\/p>\n\n\n\n<div class=\"wp-block-buttons is-horizontal is-content-justification-left is-layout-flex wp-container-core-buttons-is-layout-2c34cf1c wp-block-buttons-is-layout-flex\" style=\"margin-top:0.51rem\">\n<div class=\"wp-block-button has-custom-width wp-block-button__width-50 is-style-fill\"><a class=\"wp-block-button__link has-text-color has-background has-pontano-sans-font-family has-custom-font-size wp-element-button\" href=\"https:\/\/semi-rigide.services\/index.php\/contact\/\" style=\"border-style:none;border-width:0px;border-radius:0rem;color:#fffffd;background-color:#1320a8;padding-top:0.71rem;padding-right:0.31rem;padding-bottom:0.71rem;padding-left:0.31rem;font-size:clamp(0.875rem, 0.875rem + ((1vw - 0.2rem) * 0.245), 1.01rem);font-style:normal;font-weight:600;letter-spacing:1px;line-height:1.5;text-transform:uppercase\">Contactez nous<\/a><\/div>\n<\/div>\n<\/div>\n<\/div>\n<\/section>\n\n\n\n<div class=\"wp-block-cover alignfull is-light\" style=\"padding-top:6rem;padding-bottom:6rem\"><span aria-hidden=\"true\" class=\"wp-block-cover__background has-background-dim-10 has-background-dim\" style=\"background-color:#e27013\"><\/span><div class=\"wp-block-cover__inner-container has-global-padding is-layout-constrained wp-container-core-cover-is-layout-5cbdda46 wp-block-cover-is-layout-constrained\">\n<h2 class=\"wp-block-heading has-text-align-center has-text-color has-link-color has-suranna-font-family wp-elements-bdbce2e86076462899c852ebe8c81cb5\" style=\"color:#000000;font-size:clamp(24.034px, 1.502rem + ((1vw - 3.2px) * 1.814), 40px);font-style:normal;font-weight:500;letter-spacing:1px\">Un savoir-faire d\u00e9di\u00e9 aux semi-rigides<\/h2>\n\n\n\n<p class=\"has-text-align-center has-text-color has-link-color wp-elements-67abe3ba94ea6f46e20098219405ee01\" style=\"color:#000000;font-size:clamp(14px, 0.875rem + ((1vw - 3.2px) * 0.455), 18px);\">La r\u00e9paration d\u2019un semi-rigide exige une expertise sp\u00e9cifique et une parfaite connaissance des mat\u00e9riaux.<\/p>\n\n\n\n<p class=\"has-text-align-center\">Chez Semi-Rigide Service, chaque intervention est r\u00e9alis\u00e9e avec soin :<\/p>\n\n\n\n<ul class=\"wp-block-list\">\n<li>changement de flotteurs neufs PVC ou Hypalon<\/li>\n\n\n\n<li>recollage complet de flotteurs<\/li>\n\n\n\n<li>collages techniques et reprises d\u2019\u00e9tanch\u00e9it\u00e9<\/li>\n\n\n\n<li>remplacement ou r\u00e9paration de valves<\/li>\n\n\n\n<li>contr\u00f4le et remise en \u00e9tat g\u00e9n\u00e9rale<\/li>\n<\/ul>\n\n\n\n<p class=\"has-text-color has-link-color wp-elements-413e435a14fc56a16305c07a700b7f22\" style=\"color:#000000;font-size:clamp(14px, 0.875rem + ((1vw - 3.2px) * 0.455), 18px);\">Chaque bateau est trait\u00e9 comme un cas unique, sans solution standardis\u00e9e.<\/p>\n\n\n\n<div class=\"wp-block-buttons is-horizontal is-content-justification-center is-layout-flex wp-container-core-buttons-is-layout-bb07f847 wp-block-buttons-is-layout-flex\" style=\"margin-top:30px\">\n<div class=\"wp-block-button has-custom-width wp-block-button__width-25 is-style-fill\"><a class=\"wp-block-button__link has-text-color has-background has-pontano-sans-font-family has-custom-font-size wp-element-button\" href=\"https:\/\/semi-rigide.services\/index.php\/galerie\/\" style=\"border-style:none;border-width:0px;border-radius:0rem;color:#fffffd;background-color:#1320a8;padding-top:0.71rem;padding-right:0.31rem;padding-bottom:0.71rem;padding-left:0.31rem;font-size:clamp(0.875rem, 0.875rem + ((1vw - 0.2rem) * 0.245), 1.01rem);font-style:normal;font-weight:600;letter-spacing:1px;line-height:1.5;text-transform:uppercase\">Nos r\u00e9alisations<\/a><\/div>\n<\/div>\n<\/div><\/div>\n\n\n\n<section class=\"wp-block-group alignfull has-global-padding is-layout-constrained wp-container-core-group-is-layout-8202059b wp-block-group-is-layout-constrained\" style=\"margin-top:0px;padding-top:6rem;padding-right:1rem;padding-bottom:6rem;padding-left:1rem;font-size:clamp(0.875rem, 0.875rem + ((1vw - 0.2rem) * 0.464), 1.13rem);font-style:normal;font-weight:400;line-height:1.4\">\n<div class=\"wp-block-columns is-layout-flex wp-container-core-columns-is-layout-03ad6a19 wp-block-columns-is-layout-flex\" style=\"margin-bottom:0px\">\n<div class=\"wp-block-column is-vertically-aligned-center has-global-padding is-layout-constrained wp-container-core-column-is-layout-c4a7d96a wp-block-column-is-layout-constrained\" style=\"flex-basis:50%\">\n<h3 class=\"wp-block-heading has-text-align-left has-text-color has-suranna-font-family\" style=\"color:#010101;margin-top:0.5rem;margin-bottom:0rem;font-size:clamp(24.034px, 1.502rem + ((1vw - 3.2px) * 1.814), 40px);font-style:normal;font-weight:500;letter-spacing:0px;line-height:1.3\">Une approche locale et humaine<\/h3>\n\n\n\n<p class=\"has-text-align-left has-text-color has-pontano-sans-font-family\" style=\"color:#010101;margin-top:20px;margin-bottom:20px;font-size:clamp(14px, 0.875rem + ((1vw - 3.2px) * 0.455), 18px);font-style:normal;font-weight:400;line-height:1.5\">L\u2019atelier dispose d\u2019un <strong>espace d\u2019accueil d\u00e9di\u00e9<\/strong>, permettant d\u2019\u00e9changer directement autour de votre bateau et de vos besoins.<\/p>\n\n\n\n<p>Ici, la priorit\u00e9 est donn\u00e9e :<\/p>\n\n\n\n<ul class=\"wp-block-list\">\n<li>\u00e0 l\u2019\u00e9coute<\/li>\n\n\n\n<li>au conseil honn\u00eate<\/li>\n\n\n\n<li>\u00e0 des solutions adapt\u00e9es \u00e0 votre usage r\u00e9el<\/li>\n<\/ul>\n\n\n\n<p class=\"has-text-align-left has-text-color has-pontano-sans-font-family\" style=\"color:#010101;margin-top:20px;margin-bottom:20px;font-size:clamp(14px, 0.875rem + ((1vw - 3.2px) * 0.455), 18px);font-style:normal;font-weight:400;line-height:1.5\">Que vous soyez pro, plaisancier occasionnel ou utilisateur r\u00e9gulier, vous b\u00e9n\u00e9ficiez d\u2019un <strong>accompagnement personnalis\u00e9<\/strong>, en toute transparence.<\/p>\n\n\n\n<div class=\"wp-block-buttons is-horizontal is-content-justification-left is-layout-flex wp-container-core-buttons-is-layout-2c34cf1c wp-block-buttons-is-layout-flex\" style=\"margin-top:0.51rem\">\n<div class=\"wp-block-button has-custom-width wp-block-button__width-50 is-style-fill\"><a class=\"wp-block-button__link has-text-color has-background has-pontano-sans-font-family has-custom-font-size wp-element-button\" href=\"https:\/\/semi-rigide.services\/index.php\/services\/\" style=\"border-style:none;border-width:0px;border-radius:0rem;color:#fffffd;background-color:#1320a8;padding-top:0.71rem;padding-right:0.31rem;padding-bottom:0.71rem;padding-left:0.31rem;font-size:clamp(0.875rem, 0.875rem + ((1vw - 0.2rem) * 0.245), 1.01rem);font-style:normal;font-weight:600;letter-spacing:1px;line-height:1.5;text-transform:uppercase\">Explorez nos Services<\/a><\/div>\n<\/div>\n<\/div>\n\n\n\n<div class=\"wp-block-column is-vertically-aligned-center is-layout-flow wp-block-column-is-layout-flow\" style=\"flex-basis:50%\">\n<figure class=\"wp-block-image alignright size-full has-custom-border is-style-default\"><img loading=\"lazy\" decoding=\"async\" width=\"1920\" height=\"2560\" src=\"https:\/\/semi-rigide.services\/wp-content\/uploads\/2026\/01\/PXL_20250718_123729321-scaled.jpg\" alt=\"\" class=\"has-border-color has-tertiary-border-color wp-image-369\" style=\"border-width:1px;border-top-left-radius:16px;border-top-right-radius:16px;border-bottom-left-radius:16px;border-bottom-right-radius:16px;aspect-ratio:1;object-fit:cover\" srcset=\"https:\/\/semi-rigide.services\/wp-content\/uploads\/2026\/01\/PXL_20250718_123729321-scaled.jpg 1920w, https:\/\/semi-rigide.services\/wp-content\/uploads\/2026\/01\/PXL_20250718_123729321-225x300.jpg 225w, https:\/\/semi-rigide.services\/wp-content\/uploads\/2026\/01\/PXL_20250718_123729321-768x1024.jpg 768w, https:\/\/semi-rigide.services\/wp-content\/uploads\/2026\/01\/PXL_20250718_123729321-1152x1536.jpg 1152w, https:\/\/semi-rigide.services\/wp-content\/uploads\/2026\/01\/PXL_20250718_123729321-1536x2048.jpg 1536w\" sizes=\"auto, (max-width: 1920px) 100vw, 1920px\" \/><\/figure>\n<\/div>\n<\/div>\n<\/section>\n\n\n\n<section class=\"wp-block-cover alignfull\" style=\"margin-top:0px;padding-top:1.01rem;padding-bottom:1.01rem;min-height:430px;aspect-ratio:unset;\"><img loading=\"lazy\" decoding=\"async\" width=\"1024\" height=\"683\" class=\"wp-block-cover__image-background wp-image-384 size-large\" alt=\"\" src=\"https:\/\/semi-rigide.services\/wp-content\/uploads\/2026\/01\/pexels-rsapmech-13874004-2-1024x683.jpg\" style=\"object-position:50% 85%\" data-object-fit=\"cover\" data-object-position=\"50% 85%\" srcset=\"https:\/\/semi-rigide.services\/wp-content\/uploads\/2026\/01\/pexels-rsapmech-13874004-2-1024x683.jpg 1024w, https:\/\/semi-rigide.services\/wp-content\/uploads\/2026\/01\/pexels-rsapmech-13874004-2-300x200.jpg 300w, https:\/\/semi-rigide.services\/wp-content\/uploads\/2026\/01\/pexels-rsapmech-13874004-2-768x512.jpg 768w, https:\/\/semi-rigide.services\/wp-content\/uploads\/2026\/01\/pexels-rsapmech-13874004-2-1536x1024.jpg 1536w, https:\/\/semi-rigide.services\/wp-content\/uploads\/2026\/01\/pexels-rsapmech-13874004-2-2048x1365.jpg 2048w\" sizes=\"auto, (max-width: 1024px) 100vw, 1024px\" \/><span aria-hidden=\"true\" class=\"wp-block-cover__background has-black-background-color has-background-dim\"><\/span><div class=\"wp-block-cover__inner-container has-global-padding is-layout-constrained wp-container-core-cover-is-layout-b1bebcb3 wp-block-cover-is-layout-constrained\">\n<div class=\"wp-block-group has-text-color is-layout-flow wp-block-group-is-layout-flow\" style=\"color:#fffffd;margin-top:0px;padding-top:0rem;padding-right:1rem;padding-bottom:0rem;padding-left:1rem;font-size:clamp(0.875rem, 0.875rem + ((1vw - 0.2rem) * 0.464), 1.13rem);font-style:normal;font-weight:400;line-height:1.4\">\n<div class=\"wp-block-group has-global-padding is-layout-constrained wp-container-core-group-is-layout-bdbfdc43 wp-block-group-is-layout-constrained\">\n<p class=\"has-text-align-center has-text-color\" style=\"color:#fffffd;margin-bottom:0rem;font-size:clamp(1.507rem, 1.507rem + ((1vw - 0.2rem) * 1.824), 2.51rem);font-style:normal;font-weight:400;line-height:1.2\">Naviguer en toute confiance<\/p>\n\n\n\n<p>Faire appel \u00e0 <strong>Semi-Rigide Service<\/strong>, c\u2019est choisir :<\/p>\n\n\n\n<ul class=\"wp-block-list\">\n<li>un <strong>sp\u00e9cialiste du semi-rigide<\/strong><\/li>\n\n\n\n<li>un <strong>service local \u00e0 Douarnenez<\/strong><\/li>\n\n\n\n<li>un <strong>travail soign\u00e9 et durable<\/strong><\/li>\n<\/ul>\n\n\n\n<p>Votre bateau m\u00e9rite une r\u00e9paration fiable.<\/p>\n<\/div>\n\n\n\n<div class=\"wp-block-group is-vertical is-content-justification-stretch is-layout-flex wp-container-core-group-is-layout-bfdebe91 wp-block-group-is-layout-flex\" style=\"margin-top:1.81rem;padding-right:0px;padding-left:0px\">\n<div class=\"wp-block-group has-global-padding is-content-justification-center is-layout-constrained wp-container-core-group-is-layout-2f0bcb29 wp-block-group-is-layout-constrained\" style=\"margin-top:0px\">\n<div class=\"wp-block-buttons is-horizontal is-content-justification-right is-layout-flex wp-container-core-buttons-is-layout-099266fd wp-block-buttons-is-layout-flex\" style=\"margin-top:0.51rem\">\n<div class=\"wp-block-button has-custom-width wp-block-button__width-100 is-style-fill\"><a class=\"wp-block-button__link has-text-color has-background has-custom-font-size wp-element-button\" href=\"https:\/\/semi-rigide.services\/index.php\/contact\/\" style=\"border-style:none;border-width:0px;border-radius:0rem;color:#fffffd;background-color:#1320a8;padding-top:0.71rem;padding-right:0.31rem;padding-bottom:0.71rem;padding-left:0.31rem;font-size:clamp(0.875rem, 0.875rem + ((1vw - 0.2rem) * 0.245), 1.01rem);font-style:normal;font-weight:600;line-height:1.5;text-transform:uppercase\">Contact<\/a><\/div>\n<\/div>\n<\/div>\n<\/div>\n<\/div>\n<\/div><\/section>\n\n\n\n<p style=\"font-size:9px\"><em>R\u00e9paration semi-rigide Douarnenez \u2013 r\u00e9paration bateau pneumatique Finist\u00e8re \u2013 entretien Zodiac \u2013 sp\u00e9cialiste semi-rigide Bretagne<\/em><\/p>\n\n\n\n<ul class=\"wp-block-social-links aligncenter is-layout-flex wp-block-social-links-is-layout-flex\"><li class=\"wp-social-link wp-social-link-facebook  wp-block-social-link\"><a href=\"https:\/\/www.facebook.com\/semi.rigide.services\" class=\"wp-block-social-link-anchor\"><svg width=\"24\" height=\"24\" viewBox=\"0 0 24 24\" version=\"1.1\" xmlns=\"http:\/\/www.w3.org\/2000\/svg\" aria-hidden=\"true\" focusable=\"false\"><path d=\"M12 2C6.5 2 2 6.5 2 12c0 5 3.7 9.1 8.4 9.9v-7H7.9V12h2.5V9.8c0-2.5 1.5-3.9 3.8-3.9 1.1 0 2.2.2 2.2.2v2.5h-1.3c-1.2 0-1.6.8-1.6 1.6V12h2.8l-.4 2.9h-2.3v7C18.3 21.1 22 17 22 12c0-5.5-4.5-10-10-10z\"><\/path><\/svg><span class=\"wp-block-social-link-label screen-reader-text\">Facebook<\/span><\/a><\/li>\n\n<li class=\"wp-social-link wp-social-link-instagram  wp-block-social-link\"><a href=\"https:\/\/www.instagram.com\/semi_rigide.services\/\" class=\"wp-block-social-link-anchor\"><svg width=\"24\" height=\"24\" viewBox=\"0 0 24 24\" version=\"1.1\" xmlns=\"http:\/\/www.w3.org\/2000\/svg\" aria-hidden=\"true\" focusable=\"false\"><path d=\"M12,4.622c2.403,0,2.688,0.009,3.637,0.052c0.877,0.04,1.354,0.187,1.671,0.31c0.42,0.163,0.72,0.358,1.035,0.673 c0.315,0.315,0.51,0.615,0.673,1.035c0.123,0.317,0.27,0.794,0.31,1.671c0.043,0.949,0.052,1.234,0.052,3.637 s-0.009,2.688-0.052,3.637c-0.04,0.877-0.187,1.354-0.31,1.671c-0.163,0.42-0.358,0.72-0.673,1.035 c-0.315,0.315-0.615,0.51-1.035,0.673c-0.317,0.123-0.794,0.27-1.671,0.31c-0.949,0.043-1.233,0.052-3.637,0.052 s-2.688-0.009-3.637-0.052c-0.877-0.04-1.354-0.187-1.671-0.31c-0.42-0.163-0.72-0.358-1.035-0.673 c-0.315-0.315-0.51-0.615-0.673-1.035c-0.123-0.317-0.27-0.794-0.31-1.671C4.631,14.688,4.622,14.403,4.622,12 s0.009-2.688,0.052-3.637c0.04-0.877,0.187-1.354,0.31-1.671c0.163-0.42,0.358-0.72,0.673-1.035 c0.315-0.315,0.615-0.51,1.035-0.673c0.317-0.123,0.794-0.27,1.671-0.31C9.312,4.631,9.597,4.622,12,4.622 M12,3 C9.556,3,9.249,3.01,8.289,3.054C7.331,3.098,6.677,3.25,6.105,3.472C5.513,3.702,5.011,4.01,4.511,4.511 c-0.5,0.5-0.808,1.002-1.038,1.594C3.25,6.677,3.098,7.331,3.054,8.289C3.01,9.249,3,9.556,3,12c0,2.444,0.01,2.751,0.054,3.711 c0.044,0.958,0.196,1.612,0.418,2.185c0.23,0.592,0.538,1.094,1.038,1.594c0.5,0.5,1.002,0.808,1.594,1.038 c0.572,0.222,1.227,0.375,2.185,0.418C9.249,20.99,9.556,21,12,21s2.751-0.01,3.711-0.054c0.958-0.044,1.612-0.196,2.185-0.418 c0.592-0.23,1.094-0.538,1.594-1.038c0.5-0.5,0.808-1.002,1.038-1.594c0.222-0.572,0.375-1.227,0.418-2.185 C20.99,14.751,21,14.444,21,12s-0.01-2.751-0.054-3.711c-0.044-0.958-0.196-1.612-0.418-2.185c-0.23-0.592-0.538-1.094-1.038-1.594 c-0.5-0.5-1.002-0.808-1.594-1.038c-0.572-0.222-1.227-0.375-2.185-0.418C14.751,3.01,14.444,3,12,3L12,3z M12,7.378 c-2.552,0-4.622,2.069-4.622,4.622S9.448,16.622,12,16.622s4.622-2.069,4.622-4.622S14.552,7.378,12,7.378z M12,15 c-1.657,0-3-1.343-3-3s1.343-3,3-3s3,1.343,3,3S13.657,15,12,15z M16.804,6.116c-0.596,0-1.08,0.484-1.08,1.08 s0.484,1.08,1.08,1.08c0.596,0,1.08-0.484,1.08-1.08S17.401,6.116,16.804,6.116z\"><\/path><\/svg><span class=\"wp-block-social-link-label screen-reader-text\">Instagram<\/span><\/a><\/li>\n\n<li class=\"wp-social-link wp-social-link-linkedin  wp-block-social-link\"><a href=\"https:\/\/www.linkedin.com\/in\/edouard-le-goaster-059182248\/\" class=\"wp-block-social-link-anchor\"><svg width=\"24\" height=\"24\" viewBox=\"0 0 24 24\" version=\"1.1\" xmlns=\"http:\/\/www.w3.org\/2000\/svg\" aria-hidden=\"true\" focusable=\"false\"><path d=\"M19.7,3H4.3C3.582,3,3,3.582,3,4.3v15.4C3,20.418,3.582,21,4.3,21h15.4c0.718,0,1.3-0.582,1.3-1.3V4.3 C21,3.582,20.418,3,19.7,3z M8.339,18.338H5.667v-8.59h2.672V18.338z M7.004,8.574c-0.857,0-1.549-0.694-1.549-1.548 c0-0.855,0.691-1.548,1.549-1.548c0.854,0,1.547,0.694,1.547,1.548C8.551,7.881,7.858,8.574,7.004,8.574z M18.339,18.338h-2.669 v-4.177c0-0.996-0.017-2.278-1.387-2.278c-1.389,0-1.601,1.086-1.601,2.206v4.249h-2.667v-8.59h2.559v1.174h0.037 c0.356-0.675,1.227-1.387,2.526-1.387c2.703,0,3.203,1.779,3.203,4.092V18.338z\"><\/path><\/svg><span class=\"wp-block-social-link-label screen-reader-text\">LinkedIn<\/span><\/a><\/li><\/ul>\n\n\n\n<p><\/p>\n","protected":false},"excerpt":{"rendered":"<p>Sp\u00e9cialiste de la r\u00e9paration de bateaux pneumatiques \u00e0 Douarnenez Bas\u00e9 au Port du Rosmeur (Douarnenez), dans le sud Finist\u00e8re, Semi-Rigide Service est sp\u00e9cialis\u00e9 dans la r\u00e9paration, l\u2019entretien et la r\u00e9novation de bateaux semi-rigides et pneumatiques de toutes marques (type Zodiac, Bombard, Sillinger, 3D Tender, Valiant, Zepplin, Narwhal&#8230;). L\u2019objectif est simple : vous permettre de naviguer [&hellip;]<\/p>\n","protected":false},"author":1,"featured_media":201,"parent":0,"menu_order":0,"comment_status":"closed","ping_status":"closed","template":"","meta":{"footnotes":""},"class_list":["post-15","page","type-page","status-publish","has-post-thumbnail","hentry"],"_links":{"self":[{"href":"https:\/\/semi-rigide.services\/index.php\/wp-json\/wp\/v2\/pages\/15","targetHints":{"allow":["GET"]}}],"collection":[{"href":"https:\/\/semi-rigide.services\/index.php\/wp-json\/wp\/v2\/pages"}],"about":[{"href":"https:\/\/semi-rigide.services\/index.php\/wp-json\/wp\/v2\/types\/page"}],"author":[{"embeddable":true,"href":"https:\/\/semi-rigide.services\/index.php\/wp-json\/wp\/v2\/users\/1"}],"replies":[{"embeddable":true,"href":"https:\/\/semi-rigide.services\/index.php\/wp-json\/wp\/v2\/comments?post=15"}],"version-history":[{"count":20,"href":"https:\/\/semi-rigide.services\/index.php\/wp-json\/wp\/v2\/pages\/15\/revisions"}],"predecessor-version":[{"id":521,"href":"https:\/\/semi-rigide.services\/index.php\/wp-json\/wp\/v2\/pages\/15\/revisions\/521"}],"wp:featuredmedia":[{"embeddable":true,"href":"https:\/\/semi-rigide.services\/index.php\/wp-json\/"}],"wp:attachment":[{"href":"https:\/\/semi-rigide.services\/index.php\/wp-json\/wp\/v2\/media?parent=15"}],"curies":[{"name":"wp","href":"https:\/\/api.w.org\/{rel}","templated":true}]}}